 -8 - (-196784)/104 - (-2)/(-13)?
2, 3, 157
Suppose 5*u - 3 = f, 3*u + 2*u = 0. Let n be f*15*(-1)/1. Let m = 63 - n. List the prime factors of m.
2, 3
Suppose 42*h - 3976 = 34*h. List the prime factors of h.
7, 71
Let g(t) = t**3 - 5*t**2 + 5*t - 6. Let y be g(6). Suppose 5*x = 12 + 28. Suppose -5*f + x*f = y. List the prime factors of f.
2, 5
Let d = -877 + 1850. List the prime factors of d.
7, 139
Let y(h) = 19*h - 10*h**2 - 24*h - 4 + 43*h**2. Let b be y(4). What are the prime factors of (b/(-30))/(3/(-10))?
2, 7
Suppose 1 = -r + 5, 5*g - 5*r - 1820 = 0. What are the prime factors of g?
2, 23
Let r(i) = 0 - 5 + 14*i - 11*i. Suppose -2*g = -v + 5, -1 = -3*v + 4*g + 24. What are the prime factors of r(v)?
2, 5
List the prime factors of -142*-4*(-2)/(-16).
71
Suppose o - 4 = 0, 5*t + 4*o - 2*o = 33. Let c = 153 + -153. Suppose c*n - 10 = -t*n. What are the prime factors of n?
2
Let m(y) = -5 + 3*y - 3 + y + 5*y - 2*y**2. Let u be m(6). Let p = -2 - u. List the prime factors of p.
2, 3
Suppose -3*p + 5*w = -0*p - 172, 0 = 4*p - 5*w - 231. What are the prime factors of p?
59
Let i = 633 - -199. Suppose i = 3*c + 280. What are the prime factors of c?
2, 23
Let b(t) = 2*t**2 + 13. Let v(w) = -w**2 - 1. Let j(p) = -b(p) - 3*v(p). Suppose 3*d + 4*o - 9 - 21 = 0, 0 = 2*o - 6. What are the prime factors of j(d)?
2, 13
Suppose -41*h = -47*h + 2532. List the prime factors of h.
2, 211
Let r = 731 - 426. Suppose -5*c + 2*j + 779 = -0*c, -2*c + 3*j + r = 0. Suppose -5*d + c = -3. List the prime factors of d.
2
Suppose o + 1 = 2*i, o + 1 = -2. What are the prime factors of 1*i*(-1)/((-2)/(-80))?
2, 5
Let s be (-20)/(-4 + 9) + 37. Let j = -8 + 35. Suppose 4*d - s = j. List the prime factors of d.
3, 5
List the prime factors of 28/(-5)*(16170/(-12))/11.
2, 7
Let o(k) = k**2 + 6*k + 7. Let z be o(-5). Suppose i + 4 = z*i, -2*t - 5*i = -28. Suppose t*d - 137 = -3*n, d + n - 104 = -2*d. List the prime factors of d.
5, 7
Let o be (-285)/(-6) - (-1)/2. Suppose 5*i - o = g + 25, -4*i = g - 62. What are the prime factors of i?
3, 5
Suppose -i + 425 = -3*m, 3*m - 2069 = -5*i + 4*m. List the prime factors of i.
7, 59
Let n = 16 + -7. Let m = n - -11. What are the prime factors of m?
2, 5
Let l be (-47 + 6)*(-2)/4*-2. Let k = 60 - l. List the prime factors of k.
101
Suppose 23*w - 2150 - 3232 = 0. List the prime factors of w.
2, 3, 13
Let v = -44 - -39. Let g(i) = 3*i**2 + 7*i + 2. What are the prime factors of g(v)?
2, 3, 7
Let s(d) = -4*d + 285. Let f be 5 + -4 - (7 + -6). List the prime factors of s(f).
3, 5, 19
Let g(d) = 2*d - 3. Let y be g(3). Let s be 3/3 + y + -20. List the prime factors of 0 - 0 - -3 - s.
19
Let q = -3 - -5. Let g be q*244/16*-2. Let h = g - -87. What are the prime factors of h?
2, 13
Let h(w) = 2*w**2 - 3*w + 20. Suppose 5*c + 33 = 3. What are the prime factors of h(c)?
2, 5, 11
What are the prime factors of (-1544)/16*(-2 - 2)?
2, 193
Let x = -33 - -30. What are the prime factors of (x - -1) + 54 + 4?
2, 7
Suppose -579*v - 2175 = -582*v. What are the prime factors of v?
5, 29
Let l(b) = 6*b**3 - 25*b**2 - 2*b + 36. What are the prime factors of l(10)?
2, 3, 293
Let p = 844 + -549. Suppose 170 = 5*c - p. What are the prime factors of c?
3, 31
Let n be 64/3*(-3)/2. Let p be (-1 + 0)/(16/n). Suppose -p*f - 2*q = -f - 9, 5*q = -f + 18. What are the prime factors of f?
3
Let o(n) = -47*n**2 - n + 1. Let d be o(1). List the prime factors of 6/3*2/((-2)/d).
2, 47
Let x = -3366 - -7484. What are the prime factors of x?
2, 29, 71
Suppose m = -m + 280. Let c = -114 + m. List the prime factors of c.
2, 13
Let d(m) be the first derivative of -3*m**2 - 12*m + 18. Suppose 0 = 4*l + 24 + 8. What are the prime factors of d(l)?
2, 3
Let x be -5*3 + 6 + -3. Let i(k) = -4*k - 29. List the prime factors of i(x).
19
Let u be (-4)/(-14) + 184/(-56). Let c be u + 11 - -3 - 0. Suppose 16*x = c*x + 115. List the prime factors of x.
23
Let m = -25 - -25. Let j(k) = k**3 + k + 24. Let q be j(m). Let z = q + 20. What are the prime factors of z?
2, 11
Let y = -21 - -23. Let n be (-3 + 2)/((-3)/(-108)). What are the prime factors of (n/(-14))/(y/14)?
2, 3
Let q(r) = -151*r - 15. What are the prime factors of q(-3)?
2, 3, 73
Suppose -5 + 1 = -g. Let h(j) = 7*j + 54. Let t be h(-8). What are the prime factors of (-1)/(g/48*t)?
2, 3
Suppose -2*y + 3*j - 105 = -5*y, 4 = 4*j. Let c = y - 34. Suppose -3*v + o = -o, -2*v + 4*o - 8 = c. List the prime factors of v.
2
Suppose 0 = -8*z + 16364 + 1212. What are the prime factors of z?
13
Let l = -167 - -353. List the prime factors of l.
2, 3, 31
Let h(w) = -2*w**2 + 19*w - 21. Let t be h(8). Suppose -86 = -t*b + 247. List the prime factors of b.
3, 37
Let a(t) = t**3 - 6*t**2 + 6*t + 2. Let k be a(6). Let f = k + -36. Suppose 0 = z + f*c + 10 - 28, z - 2*c = -2. What are the prime factors of z?
2
Let w(c) = 56*c**2 + 5*c + 4. Let l be w(4). Suppose 0 = -n - 7*n + l. List the prime factors of n.
5, 23
Let p(v) be the third derivative of 7*v**5/60 - v**3/3 - 9*v**2. List the prime factors of p(-3).
61
Let v(i) = i**2 - 8*i + 3. Let j be v(6). Let g(x) = -x**3 - 8*x**2 + 8*x - 5. Let z be g(j). Suppose -16 = z*f - 148. List the prime factors of f.
3, 11
Let i = -2 - -4. Suppose -12 = -i*j + 16. Suppose 0 = 2*n + 4*f - 48, -j + 2 = -n + 4*f. What are the prime factors of n?
2, 5
Suppose m - 5*m = -16. Suppose -5*f = m*l - 50, -3*l = 2*f - 0*f - 20. What are the prime factors of f?
2, 5
What are the prime factors of (4/6)/(-4 - 32442/(-8109))?
17, 53
Let m(f) = f + 3. Let n(t) = t**2 + 3*t - 3. Let p be n(2). Let x be m(p). Suppose -29 = -2*z - 5*j - x, j = 1. List the prime factors of z.
7
Suppose 0 = -o + 4*o - 36. Suppose 0 = -2*q - 2 + o. What are the prime factors of q/(-1)*34/(-10)?
17
Suppose -2*f = 2*i - 3*f - 5, 4*f + 4 = 0. Suppose i*q - z - 490 = 0, -2*q + 3*z + 510 = 7*z. What are the prime factors of q?
13, 19
Suppose 5*f - 47 = -7. What are the prime factors of (50/f)/((-4)/(-80))?
5
Let k = 40 - 41. What are the prime factors of 7 + 33 - (k - 3)?
2, 11
Suppose 4*k - 1020 = 2*k + 4*f, -1540 = -3*k - 4*f. What are the prime factors of k?
2
Let z = 131 + 195. Let d = z - 180. Let o = 211 - d. List the prime factors of o.
5, 13
Let w = -788 - -1609. List the prime factors of w.
821
Suppose 0 = q - 9 + 5. Let z be 27/(2 + (1 - q)). Let c = 38 + z. List the prime factors of c.
11
Suppose 8*s + 4*s - 29748 = 0. What are the prime factors of s?
37, 67
Suppose 0 = 2*n + 13 - 17, 0 = l - 3*n - 801. List the prime factors of l.
3, 269
Let z = -924 + 1127. List the prime factors of z.
7, 29
Let v(y) = 5*y**2 - 15*y - 168. What are the prime factors of v(-6)?
2, 3, 17
Suppose 4*v + 10*t - 7*t - 254 = 0, -4*t - 8 = 0. What are the prime factors of v?
5, 13
Suppose -2*l - 2*q - 6 = 6, 0 = -5*l + q - 30. Suppose 0 = 87*r - 82*r - 40. What are the prime factors of 63/l*r/(-6)?
2, 7
Suppose 3*w - 6*w + 13 = -5*v, -1 = -w + v. List the prime factors of (-478)/(-6) - 1/((-6)/w).
79
Suppose -3*j - x + 897 = -5816, -5*j = -x - 11175. List the prime factors of (5 + j/(-8))*4/(-6).
3, 61
Let n be (-3)/(-4) + (-88)/32. Let f be (n + 75/(-12))*4. Let c = -19 - f. What are the prime factors of c?
2, 7
Let a(u) = 101*u + 53. Let v be a(7). Suppose 2*z = -2*z + v. List the prime factors of z.
2, 5, 19
Suppose 3*w = 4*d - 31, 17 = -0*d + 3*d - w. Suppose -4*z = 0, -n + d*n = -z + 114. What are the prime factors of n?
2, 19
Let p = -4738 - -7142. List the prime factors of p.
2, 601
Suppose -70839 = -30*j - 21*j. List the prime factors of j.
3, 463
Let t be (-48)/40 - 1/(-5). Let f be (10/8)/(t/(-4)). Let u = f + 19. What are the prime factors of u?
2, 3
Suppose 0 = -2*u + 7*u - 270. Let l = 76 - u. Let n = l - 3. List the prime factors of n.
19
Let o(r) = 65*r - 72. List the prime factors of o(5).
11, 23
Suppose 19 = -t + 65. Suppose t = -0*r + 2*r. What are the prime factors of r?
23
Let u be 4*(-1 + (-1)/(-2)). Let g be ((-94)/u)/(-2 + 3). Suppose -5*t = -4*w - 149, -g - 15 = -2*t + 4*w. List the prime factors of t.
29
Suppose -3708 = -27*k + 18*k. What are the prime factors of k?
2, 103
Suppose 3*y - 12 = -0*y. Let f be -10*y/24*-3. Suppose 0 = -f*h + 5, -3*h = -3*s + 59 - 2. What are the prime factors of s?
2, 5
Suppose -1917 + 6611 = 3*g - 